*w - 1846, 5*q + w - 4641 = 0. Suppose 7*f + q = -331. Let p = f - -337. Is p composite?
False
Suppose 431*r - 421*r - 60490 = 7240. Is r a composite number?
True
Let y(p) = 59135*p + 777. Is y(8) a prime number?
True
Let u(l) = l**3 + 16*l**2 + 7*l + 4. Let m be u(-17). Let c(d) = 720*d**3 + 2*d**2 - 2*d + 1. Let n be c(1). Let g = n + m. Is g composite?
False
Let z(x) = 12*x - 18. Let c be z(5). Suppose -4*j + 11*j = c. Suppose -f - 1685 = -j*f. Is f composite?
False
Let m(b) = 21361*b**2 - 222*b - 68. Is m(-3) a composite number?
False
Let z(d) = -d**2 - 8*d - 11. Let g be (-72)/16 + 2/4. Let s be z(g). Let w(k) = 2*k**3 - 4*k**2 + 2*k - 3. Is w(s) a prime number?
True
Suppose -6*q + 10537 = -2*q - n, -2613 = -q - 4*n. Suppose -3*v - q = -11027. Suppose 5*z = -3*x + 43910, 5976 + v = z - x. Is z composite?
False
Suppose 4*i + s = 261633, 17*i - 327048 = 12*i + s. Is i a composite number?
True
Let i(d) be the first derivative of -1/2*d**2 + 14 + 7*d + 9*d**3. Is i(-3) composite?
True
Suppose 79352 = 3*t + 5*m, -t = -2*m - 1933 - 24514. Is t composite?
False
Let a(u) = -u**2 - 13*u - 10. Let y be a(-12). Let t(l) = -3*l + 18*l - 5*l**y - 20 + 9*l**2. Is t(6) composite?
True
Let i(j) = -j**3 + 8*j**2 - 12*j + 1. Let l be i(3). Suppose -l*u - 15433 = -21*u. Is u composite?
True
Let b(u) = -u**3 - 19*u**2 + 19*u - 17. Let q be b(-20). Let a = 5 - 3. Suppose -q*t + 2*w = -a*t - 21, -3*t - w = -28. Is t a prime number?
True
Let j(b) = -49 - 13 - 8*b - 2. Let w be j(-10). Is 4 + (-52)/w + 3001/4 a composite number?
False
Suppose 0 = -2*l + 3 + 5. Suppose -l*d + 5820 = -0*d. Suppose 4*s - d = -s. Is s composite?
True
Let x(v) = -2*v**2 + 7*v - 3. Let w(p) = p**2 - 1. Let c(t) = w(t) + x(t). Let h be c(6). Suppose -1206 = -h*q - 3*a + 173, -q = 3*a - 682. Is q composite?
True
Suppose 0 = -6*n + 29 + 7. Let p(a) = 36*a**2 - 5*a - 3. Let x be p(n). Suppose 0 = 5*o + 5, 0 = 2*t - 2*o + o - x. Is t a composite number?
False
Let l be 11/2 + (-5)/10. Suppose -u + 2*u - 12 = -m, -2*u - 53 = -l*m. Is (88 + 1)*(24 - m) composite?
True
Let o = -436 + 445. Is 3 + 47 + 3/o*15 prime?
False
Let k be (-1)/(-4) + 260/(-16). Let h(u) = -42*u + 8. Let l(w) = -21*w + 11. Let v(a) = -3*h(a) + 7*l(a). Is v(k) prime?
True
Let n be (-2 - 1) + 1 + 380. Let w = -1447 + n. Let t = w - -2274. Is t a prime number?
False
Let a(z) = -1858*z**3 + 10*z**2 - 3*z + 8. Is a(-5) a prime number?
True
Suppose 90*z - 62*z - 358988 = 0. Is z a composite number?
False
Let n(k) = 16 + 10 - 64*k + 907*k. Let m be n(14). Suppose -5*r = -9*r + m. Is r prime?
True
Suppose 4*t + 1918 = 2*h, -854 - 1066 = -2*h + 2*t. Let s = h - -2054. Let v = -1634 + s. Is v prime?
True
Is 2*20/(-32)*-93004 prime?
False
Let t = -70121 - -246202. Is t prime?
True
Suppose u + 3*p + p + 14 = 0, u - 13 = 5*p. Let w be (6 - u)*((-963)/12)/(-1). Let r = w - 328. Is r prime?
False
Let f be -6*(-1)/(-3 - -9). Suppose -16*u = -11*u - 565. Is u/f*(-2 - -3) a prime number?
True
Let g = 2204 - 1177. Is g a composite number?
True
Let i = -61612 + 117585. Is i a prime number?
False
Is (-18)/(-12) + 390137/22 composite?
True
Let d(o) = -20*o**2 + 15*o + 71*o**2 - 9 - 7*o. Let f be d(-8). Let u = f - 1122. Is u a prime number?
True
Let i = 119 + -118. Let l be (-172)/(i - 5)*-699. Is 2/(-9) + (4 - l/27) a prime number?
True
Suppose 33*p + 3*p - 15*p - 1475313 = 0. Is p a composite number?
True
Let d(p) = -196*p**3 - 4*p**2 + 4*p - 1. Let u(j) = -393*j**3 - 9*j**2 + 10*j - 3. Let l(m) = 5*d(m) - 2*u(m). Is l(-4) prime?
False
Suppose -5 = -3*m - 4*k, 5*m + 4*k - 8 = m. Let z be 0*2*m/(-24). Suppose -h - 43 + 852 = z. Is h a prime number?
True
Suppose j - 3*v = 868, -18 = 4*v - 7*v. Is j a prime number?
False
Suppose -3*w = -18*w - 15975. Let b = -16 - w. Is b composite?
False
Let i(d) = 47*d**2 + 9*d - 1. Suppose 0 = 2*r - 3*m + 2*m - 18, -2*m = 2*r - 12. Let k be i(r). Suppose 0 = y - 2*y + k. Is y a composite number?
False
Suppose -7*z = 85 - 400. Is 5/2*(-5823)/z*-2 prime?
True
Is (13*3)/((-30)/(-139640)*4) a prime number?
False
Is (0 - (-2)/4)/(17/184369658*11) composite?
False
Suppose -3*d = 5*h - 22620680, -13277956 - 9342749 = -5*h + 2*d. Is h a composite number?
False
Is 807*(42/9 + 9) composite?
True
Suppose 353*u = 356*u + 3*k - 488973, -3*u = 5*k - 488977. Is u a composite number?
False
Suppose -2*n - r = -251223, -4*r = -5*n + 306292 + 321759. Is n a composite number?
True
Let w(a) = a**3 + 29*a**2 + a + 29. Let d be w(-29). Suppose d = r - 2, -4*l - 6*r + 9324 = -10*r. Is l composite?
False
Let l(c) = 988*c**2 - 26*c + 80. Let t = -211 + 214. Is l(t) a composite number?
True
Let j = -116 + 105. Let n be 0/((j + -1)/3). Suppose 2*q + 6 = 0, -5*c - 4*q + q + 10136 = n. Is c a composite number?
False
Suppose -48*h - 95193 = -69*h. Is h composite?
True
Suppose -34*h = 14941 - 80323. Is h a composite number?
True
Let f = -2510 - -9513. Is f composite?
True
Let h be ((-12)/15)/(7/(-151025)) + -6. Let g = h - 12237. Is g a prime number?
False
Is (-15)/(-18) - 70016985/(-270) a composite number?
True
Is 1/(-2)*(-1 + 5)/((-46)/3280789) prime?
False
Let b = -630 - -27211. Let f = -13058 + b. Is f a prime number?
True
Let c(j) = -13*j + 13. Let p = 34 - 63. Let l = 13 + p. Is c(l) a prime number?
False
Is 790/40*1*16076 prime?
False
Is 160 + -186 - (-103450 - -1) composite?
False
Let n be 5487 + (1 - (2 - 0)). Let i = 9859 - n. Suppose 0*l - 4*p = 5*l - i, 2*p - 871 = -l. Is l a composite number?
False
Let l be (-7359)/(-1) + (-6 - -4). Suppose 4*f - l = -2781. Let s = -341 + f. Is s prime?
False
Let x(h) = -3*h**3 + 12*h**2 + 66*h + 214. Is x(-9) prime?
False
Let p = -31406 - -184561. Is p composite?
True
Let v(s) be the third derivative of 13*s**6/180 + s**5/30 - 25*s**4/24 + s**3 - 26*s**2. Let z(m) be the first derivative of v(m). Is z(7) a composite number?
False
Suppose -2*j = -2*p - 47906, -47903 = -2*j + p - 0*p. Suppose j = 14*y - 4*y. Is y composite?
True
Let g = 202 + -136. Is ((-78)/g - -1) + (-16183)/(-11) a composite number?
False
Suppose 0 = -0*j + j + 5*s - 439, -2*j = -s - 911. Let q = 360 + j. Suppose 20*o - 9*o - q = 0. Is o a composite number?
True
Let r(m) = -3*m**3 - m**2 + m + 2. Let c be r(-1). Let j(y) = 25*y**3 + 5*y**2 - 19*y. Let g be j(c). Suppose t - g + 122 = 0. Is t composite?
False
Let d = -265885 - -481998. Is d a prime number?
True
Let m = 2 + 3. Let x(o) = 11*o**3 - 4*o**3 - 23*o - 24*o + 56*o - 9. Is x(m) prime?
True
Suppose d + 3*y + 5 - 13 = 0, 0 = -2*d - 5*y + 20. Suppose d*j + 32931 = 29*j. Is j a prime number?
True
Let w(n) = 6198*n**2 + 6*n - 7. Let s(y) = -5*y - 64. Let o be s(-13). Is w(o) a composite number?
False
Suppose 4*i - 2*i = 2682. Let k(b) = b**2 - 25*b + 24. Let f be k(21). Let n = i - f. Is n a composite number?
True
Let t(r) = 4214*r**2 - 4*r + 5. Let s = 448 + -445. Is t(s) prime?
False
Suppose 20*u = 6*u + 22078. Is (u - 3) + 5 + -8 a composite number?
False
Let j = -10962 - -42727. Is j composite?
True
Suppose -f + 561825 = 2*r, 3*r + f = 174971 + 667763. Is r prime?
True
Suppose 0 = -3*r - 4*y - 29250, -3*y = r + y + 9758. Let m = r + 16007. Let b = -4082 + m. Is b a composite number?
False
Let r = -1973 + 3505. Is -3 + (r - 1) + (0 - -1) a prime number?
False
Let q = -85 + 87. Suppose 4*j - 456 - 631 = 3*s, -q*j = 4*s - 538. Is j a prime number?
True
Is ((-55070)/(-22) - 76/418)*79 prime?
False
Let l be ((-128)/24)/((-2)/3273). Suppose -5584 = -2*j + 5*v + l, -v - 2 = 0. Is j a composite number?
False
Suppose -44*p = -3063764 + 540496. Is p a composite number?
False
Suppose -96*g = 48*g - 2187792. Is g prime?
True
Let g(h) = -16*h - 36. Let d(y) = y - 1. Let u(f) = 6*d(f) - g(f). Let x be u(-14). Let c = 657 + x. Is c a composite number?
False
Let r(f) be the first derivative of 5/3*f**3 + 20 - 15/2*f**2 - 31*f. Is r(13) prime?
True
Let f(d) = -847*d - 30. Let c be f(-18). Is 6/(-30) + c/5 a prime number?
False
Let o(l) = -29662*l**3 - 8*l**2 + 21*l + 5. Let z(t) = -7415*t**3 - 2*t**2 + 5*t + 1. Let k(x) = 2*o(x) - 9*z(x). Is k(1) a composite number?
False
Let z = -10999 + 15558. Is z a prime number?
False
Let l be (-39 - 1)*(-26404)/70. Let h = 37347 - l. Is h prime?
True
Suppose -2*k = -5*x + 129, -12 = k - 3*x + 54. Let r = 57 + k. Let l(h) = -4*h + 673. Is l